{"id":18,"date":"2014-05-20T00:01:34","date_gmt":"2014-05-20T00:01:34","guid":{"rendered":"http:\/\/jmargu.webs.ull.es\/?page_id=18"},"modified":"2018-04-10T21:18:35","modified_gmt":"2018-04-10T21:18:35","slug":"intellectual-property-ip","status":"publish","type":"page","link":"https:\/\/jmargu.webs.ull.es\/?page_id=18","title":{"rendered":"Patentes\/Prop. Int."},"content":{"rendered":"<div id=\"google_language_translator\" class=\"default-language-es\"><\/div>\n<p><strong>Please feel free to translate project titles, using above link.<\/strong><\/p>\n<p>Denominaci\u00f3n: <em><strong>Laguna QRada. Visita multimedia guiada del Casco Historico Patrimonio de la Humanidad&nbsp;de San Cristobal de La Laguna.<\/strong><\/em><br \/>\nInventores\/autores\/obtentores: <em>Eulalia Rodriguez Fino; Jorge Mart\u00edn Guti\u00e9rrez; Enrique Armas Davara<\/em><br \/>\nEntidad titular: <strong>Universidad de La Laguna<\/strong><br \/>\nN\u00famero de patente: <strong>00\/2013\/4407<\/strong><br \/>\nPa\u00eds de prioridad:<strong> Espa\u00f1a, Canarias<\/strong><br \/>\nFecha: 18\/07\/2013<br \/>\nFecha de concesi\u00f3n: 03\/12\/2013<\/p>\n<hr>\n<p>&nbsp;<\/p>\n<p>Denominaci\u00f3n: <em><strong>Elementos industriales de realidad aumentada.<\/strong><\/em><br \/>\nInventores\/autores\/obtentores: <em>Jorge Mart\u00edn Guti\u00e9rrez<\/em><br \/>\nEntidad titular: <strong>Universidad de La Laguna<\/strong><br \/>\nN\u00famero de patente: 00\/2013<br \/>\nPa\u00eds de prioridad: <strong>Espa\u00f1a, Canarias<\/strong><\/p>\n","protected":false},"excerpt":{"rendered":"<p>Please feel free to translate project titles, using above link. Denominaci\u00f3n: Laguna QRada. Visita multimedia guiada del Casco Historico Patrimonio de la Humanidad&nbsp;de San Cristobal de La Laguna. Inventores\/autores\/obtentores: Eulalia Rodriguez Fino; Jorge Mart\u00edn Guti\u00e9rrez; Enrique Armas Davara Entidad titular: Universidad de La Laguna N\u00famero de patente: 00\/2013\/4407 Pa\u00eds de prioridad: Espa\u00f1a, Canarias Fecha: 18\/07\/2013 [&hellip;]<\/p>\n","protected":false},"author":1,"featured_media":0,"parent":0,"menu_order":4,"comment_status":"closed","ping_status":"closed","template":"","meta":{"_bbp_topic_count":0,"_bbp_reply_count":0,"_bbp_total_topic_count":0,"_bbp_total_reply_count":0,"_bbp_voice_count":0,"_bbp_anonymous_reply_count":0,"_bbp_topic_count_hidden":0,"_bbp_reply_count_hidden":0,"_bbp_forum_subforum_count":0,"ngg_post_thumbnail":0,"footnotes":""},"class_list":["post-18","page","type-page","status-publish","hentry"],"yoast_head":"<!-- This site is optimized with the Yoast SEO plugin v22.0 - https:\/\/yoast.com\/wordpress\/plugins\/seo\/ -->\n<title>Patentes\/Prop. Int. - Jorge Mart\u00edn-Guti\u00e9rrez<\/title>\n<meta name=\"robots\" content=\"index, follow, max-snippet:-1, max-image-preview:large, max-video-preview:-1\" \/>\n<link rel=\"canonical\" href=\"https:\/\/jmargu.webs.ull.es\/?page_id=18\" \/>\n<meta property=\"og:locale\" content=\"es_ES\" \/>\n<meta property=\"og:type\" content=\"article\" \/>\n<meta property=\"og:title\" content=\"Patentes\/Prop. Int. - Jorge Mart\u00edn-Guti\u00e9rrez\" \/>\n<meta property=\"og:description\" content=\"Please feel free to translate project titles, using above link. Denominaci\u00f3n: Laguna QRada. Visita multimedia guiada del Casco Historico Patrimonio de la Humanidad&nbsp;de San Cristobal de La Laguna. Inventores\/autores\/obtentores: Eulalia Rodriguez Fino; Jorge Mart\u00edn Guti\u00e9rrez; Enrique Armas Davara Entidad titular: Universidad de La Laguna N\u00famero de patente: 00\/2013\/4407 Pa\u00eds de prioridad: Espa\u00f1a, Canarias Fecha: 18\/07\/2013 [&hellip;]\" \/>\n<meta property=\"og:url\" content=\"https:\/\/jmargu.webs.ull.es\/?page_id=18\" \/>\n<meta property=\"og:site_name\" content=\"Jorge Mart\u00edn-Guti\u00e9rrez\" \/>\n<meta property=\"article:modified_time\" content=\"2018-04-10T21:18:35+00:00\" \/>\n<meta name=\"twitter:card\" content=\"summary_large_image\" \/>\n<meta name=\"twitter:label1\" content=\"Tiempo de lectura\" \/>\n\t<meta name=\"twitter:data1\" content=\"1 minuto\" \/>\n<script type=\"application\/ld+json\" class=\"yoast-schema-graph\">{\"@context\":\"https:\/\/schema.org\",\"@graph\":[{\"@type\":\"WebPage\",\"@id\":\"https:\/\/jmargu.webs.ull.es\/?page_id=18\",\"url\":\"https:\/\/jmargu.webs.ull.es\/?page_id=18\",\"name\":\"Patentes\/Prop. Int. - Jorge Mart\u00edn-Guti\u00e9rrez\",\"isPartOf\":{\"@id\":\"https:\/\/jmargu.webs.ull.es\/#website\"},\"datePublished\":\"2014-05-20T00:01:34+00:00\",\"dateModified\":\"2018-04-10T21:18:35+00:00\",\"breadcrumb\":{\"@id\":\"https:\/\/jmargu.webs.ull.es\/?page_id=18#breadcrumb\"},\"inLanguage\":\"es\",\"potentialAction\":[{\"@type\":\"ReadAction\",\"target\":[\"https:\/\/jmargu.webs.ull.es\/?page_id=18\"]}]},{\"@type\":\"BreadcrumbList\",\"@id\":\"https:\/\/jmargu.webs.ull.es\/?page_id=18#breadcrumb\",\"itemListElement\":[{\"@type\":\"ListItem\",\"position\":1,\"name\":\"Portada\",\"item\":\"https:\/\/jmargu.webs.ull.es\/\"},{\"@type\":\"ListItem\",\"position\":2,\"name\":\"Patentes\/Prop. Int.\"}]},{\"@type\":\"WebSite\",\"@id\":\"https:\/\/jmargu.webs.ull.es\/#website\",\"url\":\"https:\/\/jmargu.webs.ull.es\/\",\"name\":\"Jorge Mart\u00edn-Guti\u00e9rrez\",\"description\":\"Professor and Researcher at Universidad de La Laguna\",\"potentialAction\":[{\"@type\":\"SearchAction\",\"target\":{\"@type\":\"EntryPoint\",\"urlTemplate\":\"https:\/\/jmargu.webs.ull.es\/?s={search_term_string}\"},\"query-input\":\"required name=search_term_string\"}],\"inLanguage\":\"es\"}]}<\/script>\n<!-- \/ Yoast SEO plugin. -->","yoast_head_json":{"title":"Patentes\/Prop. Int. - Jorge Mart\u00edn-Guti\u00e9rrez","robots":{"index":"index","follow":"follow","max-snippet":"max-snippet:-1","max-image-preview":"max-image-preview:large","max-video-preview":"max-video-preview:-1"},"canonical":"https:\/\/jmargu.webs.ull.es\/?page_id=18","og_locale":"es_ES","og_type":"article","og_title":"Patentes\/Prop. Int. - Jorge Mart\u00edn-Guti\u00e9rrez","og_description":"Please feel free to translate project titles, using above link. Denominaci\u00f3n: Laguna QRada. Visita multimedia guiada del Casco Historico Patrimonio de la Humanidad&nbsp;de San Cristobal de La Laguna. Inventores\/autores\/obtentores: Eulalia Rodriguez Fino; Jorge Mart\u00edn Guti\u00e9rrez; Enrique Armas Davara Entidad titular: Universidad de La Laguna N\u00famero de patente: 00\/2013\/4407 Pa\u00eds de prioridad: Espa\u00f1a, Canarias Fecha: 18\/07\/2013 [&hellip;]","og_url":"https:\/\/jmargu.webs.ull.es\/?page_id=18","og_site_name":"Jorge Mart\u00edn-Guti\u00e9rrez","article_modified_time":"2018-04-10T21:18:35+00:00","twitter_card":"summary_large_image","twitter_misc":{"Tiempo de lectura":"1 minuto"},"schema":{"@context":"https:\/\/schema.org","@graph":[{"@type":"WebPage","@id":"https:\/\/jmargu.webs.ull.es\/?page_id=18","url":"https:\/\/jmargu.webs.ull.es\/?page_id=18","name":"Patentes\/Prop. Int. - Jorge Mart\u00edn-Guti\u00e9rrez","isPartOf":{"@id":"https:\/\/jmargu.webs.ull.es\/#website"},"datePublished":"2014-05-20T00:01:34+00:00","dateModified":"2018-04-10T21:18:35+00:00","breadcrumb":{"@id":"https:\/\/jmargu.webs.ull.es\/?page_id=18#breadcrumb"},"inLanguage":"es","potentialAction":[{"@type":"ReadAction","target":["https:\/\/jmargu.webs.ull.es\/?page_id=18"]}]},{"@type":"BreadcrumbList","@id":"https:\/\/jmargu.webs.ull.es\/?page_id=18#breadcrumb","itemListElement":[{"@type":"ListItem","position":1,"name":"Portada","item":"https:\/\/jmargu.webs.ull.es\/"},{"@type":"ListItem","position":2,"name":"Patentes\/Prop. Int."}]},{"@type":"WebSite","@id":"https:\/\/jmargu.webs.ull.es\/#website","url":"https:\/\/jmargu.webs.ull.es\/","name":"Jorge Mart\u00edn-Guti\u00e9rrez","description":"Professor and Researcher at Universidad de La Laguna","potentialAction":[{"@type":"SearchAction","target":{"@type":"EntryPoint","urlTemplate":"https:\/\/jmargu.webs.ull.es\/?s={search_term_string}"},"query-input":"required name=search_term_string"}],"inLanguage":"es"}]}},"_links":{"self":[{"href":"https:\/\/jmargu.webs.ull.es\/index.php?rest_route=\/wp\/v2\/pages\/18","targetHints":{"allow":["GET"]}}],"collection":[{"href":"https:\/\/jmargu.webs.ull.es\/index.php?rest_route=\/wp\/v2\/pages"}],"about":[{"href":"https:\/\/jmargu.webs.ull.es\/index.php?rest_route=\/wp\/v2\/types\/page"}],"author":[{"embeddable":true,"href":"https:\/\/jmargu.webs.ull.es\/index.php?rest_route=\/wp\/v2\/users\/1"}],"replies":[{"embeddable":true,"href":"https:\/\/jmargu.webs.ull.es\/index.php?rest_route=%2Fwp%2Fv2%2Fcomments&post=18"}],"version-history":[{"count":11,"href":"https:\/\/jmargu.webs.ull.es\/index.php?rest_route=\/wp\/v2\/pages\/18\/revisions"}],"predecessor-version":[{"id":747,"href":"https:\/\/jmargu.webs.ull.es\/index.php?rest_route=\/wp\/v2\/pages\/18\/revisions\/747"}],"wp:attachment":[{"href":"https:\/\/jmargu.webs.ull.es\/index.php?rest_route=%2Fwp%2Fv2%2Fmedia&parent=18"}],"curies":[{"name":"wp","href":"https:\/\/api.w.org\/{rel}","templated":true}]}}