{"id":940,"date":"2022-07-08T20:19:13","date_gmt":"2022-07-08T20:19:13","guid":{"rendered":"http:\/\/jmargu.webs.ull.es\/?page_id=940"},"modified":"2022-07-08T20:19:15","modified_gmt":"2022-07-08T20:19:15","slug":"guest-speaker","status":"publish","type":"page","link":"https:\/\/jmargu.webs.ull.es\/?page_id=940","title":{"rendered":"Guest Speaker"},"content":{"rendered":"\n<p><strong>Seminarios,\npresentaciones y conferencias invitadas<\/strong><\/p>\n\n\n\n<ol class=\"wp-block-list\"><li>Conferencia invitada\ninaugral en 8\u00ba Congreso Internacional y 19\u00ba Coloquio de Proyectos Institucionales\ny de Vinculaci\u00f3n. Organiza: Facultad de Ingenier\u00eda Mec\u00e1nica y El\u00e9ctrica de la\nUniversidad Aut\u00f3noma de Nuevo Le\u00f3n. M\u00e9xico. T\u00edtulo: <strong>\u201cLa Realidad del Metaverso, el Espacio Virtual\u201d<\/strong> <strong>Noviembre 2021.<\/strong><\/li><li>Conferencia\ninvitada.&nbsp; Invitation for Sharing\nKnowledge in Symposium at INTI International University. Nilai, Malaysia. T\u00edtulo:\n<strong>Virtual and Augmented Reality Training to Develop Professional Skills of\nUniversity Students.<\/strong> <strong>Junio 2021.<\/strong> <\/li><li>Conferencia\ninvitada por la Sociedad de Alumnos de Ingenier\u00eda y Sistemas computacionales (SAITC)\nde la Universidad de Monterrey &#8211; M\u00e9xico. Evento DIA TIC. T\u00edtulo:&nbsp; \u201c<strong>Realidad virtual, aumentada y mixta:\nnovedades en dispositivos e infraestructuras\u00bb<\/strong>. <strong>Marzo 2021.<\/strong><\/li><li>Conferencia invitada\ninaugral en 7\u00ba Congreso Internacional y 18\u00ba Coloquio de Proyectos Institucionales\ny de Vinculaci\u00f3n. Organiza: Facultad de Ingenier\u00eda Mec\u00e1nica y El\u00e9ctrica de la\nUniversidad Aut\u00f3noma de Nuevo Le\u00f3n. M\u00e9xico. T\u00edtulo: <strong>\u201cGestos 3D en entornos de realidad virtual y amentada,\ny gestos corporales para introducci\u00f3n de datos mediante sensor Kinect. Un\nan\u00e1lisis desde el punto de vista UX\u201d<\/strong> <strong>Noviembre 2020.<\/strong><\/li><li>Conferencia Invitada por la Universidad T\u00e9cnica Particular de Loja\n(UTPL) de Ecuador. Evento Virtual Reality Day \u2013 Ecuador. T\u00edtulo: <strong>Entrenamiento\nde la capacidad espacial con RA y experiencia de usuario en entornos\neducativos. Noviembre 2020.<\/strong> <\/li><li>Conferencia invitada en la IX Feria Internacional Universidad de\nMonterrey: Crisol de Culturas.&nbsp; Titulo: <strong>C\u00f3mo\nescribir un art\u00edculo cient\u00edfico.<\/strong> <strong>Noviembre 2019.<\/strong> Universidad de\nMonterrey \u2013 M\u00e9xico.<\/li><li>Conferencia <strong>\u00abOportunidades laborales e investigadoras que\nofrecen las tecnolog\u00edas de la realidad virtual y aumentada\u00bb <\/strong>dentro del\n6to Congreso Internacional y 16vo Coloquio de Proyecto Institucionales y de\nVinculaci\u00f3n. <strong>Noviembre 2019.<\/strong> Organiza: Facultad de Ingenier\u00eda Mec\u00e1nica y\nEl\u00e9ctrica de la Universidad Aut\u00f3noma de Nuevo Le\u00f3n. Mexico.<\/li><li>Visita Investigador\nde impacto internacional. Ciclo de conferencias impartidas: <strong>\u201cTecnolog\u00edas\ncomputacionales avanzadas para la ense\u00f1anza de la Arquitectura e ingenier\u00edas.\u201d<\/strong>\n<strong>Abril 2019.<\/strong> Universidad Nacional de San Agust\u00edn. Arequipa \u2013 Per\u00fa.\nContrato financiaci\u00f3n: 111-27-2019-UNAS.<\/li><li>Conferencia\ninvitada en la IX Feria Internacional Universidad de Monterrey: Crisol de\nCulturas.&nbsp; Titulo: <strong>\u201c\u00bfPor qu\u00e9\ninvestigar y trabajar con tecnolog\u00edas de realidad virtual Y aumentada?\u00bb<\/strong>\n<strong>Noviembre 2019. <\/strong>Universidad de Monterrey \u2013 M\u00e9xico.<\/li><li>Conferencia Inaugural: \u00ab<strong>Aplicando Expresi\u00f3n Grafica al\nDise\u00f1o del Videojuegos<\/strong>\u201d dentro del 5to Congreso Internacional y 14\u00ba\nColoquio de Proyectos Institucionales y de Vinculaci\u00f3n. <strong>Noviembre 2018<\/strong>.\nOrganiza: Facultad de Ingenier\u00eda Mec\u00e1nica y El\u00e9ctrica de la Universidad\nAut\u00f3noma de Nuevo Le\u00f3n. Mexico.<\/li><li>Conferencia invitada en el programa de Doctorado de Ingeniera de\nSistemas de la Universidad Aut\u00f3noma de Nuevo Le\u00f3n. M\u00e9xico. Titulo <strong>\u201cBases\nCient\u00edficas y Art\u00edculos\u201d.<\/strong> <strong>Noviembre 2017.<\/strong><\/li><li>Conferencia Inaugural: <strong>\u00abTengo un Videojuego, \u00bfy ahora\nqu\u00e9?\u00bb<\/strong> 4\u00aa Congreso Internacional y l2\u00ba Coloquio de Proyectos\nInstitucionales y de Vinculaci\u00f3n PIV. <strong>Noviembre 2017.<\/strong> Organiza: Facultad\nde Ingenier\u00eda Mec\u00e1nica y El\u00e9ctrica de la Universidad Aut\u00f3noma de Nuevo Le\u00f3n. Mexico.<\/li><li>Conferencia invitada en Jornada de Videojuegos, investigaci\u00f3n y\nproducci\u00f3n. T\u00edtulo: <strong>\u201cCultura a trav\u00e9s de los Videojuegos\u201d.<\/strong> Universidad\nAut\u00f3noma Metropolitana. Unidad Cuajimalpa. Organiza: Divisi\u00f3n Ciencias de la\ncomunicaci\u00f3n y dise\u00f1o. Ciudad de M\u00e9xico. <strong>Noviembre 2017.<\/strong><\/li><li>Conferencia invitada por INAOE. Instituto nacional de Astrof\u00edsica,\n\u00d3ptica y Electr\u00f3nica (M\u00e9xico). Titulo<strong>: \u00abLo virtual y lo aumentado,\nTecnolog\u00eda para convivir\u201d.<\/strong> Puebla (M\u00e9xico). <strong>Noviembre 2017.<\/strong><\/li><li>Conferencia invitada en el programa de doctorado de Ingeniera de\nSistemas de la Universidad Aut\u00f3noma de Nuevo Le\u00f3n. M\u00e9xico.&nbsp; Titulo: <strong>\u201cInvestigaci\u00f3n y Tendencias de la\nRealidad Virtual\u00bb<\/strong>. <strong>Diciembre de 2016.<\/strong><\/li><li>Conferencia invitada por Depto de Ciencias Computacionales.\nTitulo: <strong>\u201cRetos de las Tecnolog\u00edas virtuales\u201d.<\/strong> <strong>Noviembre 2016.<\/strong>\nUniversidad de Monterrey \u2013 M\u00e9xico. <\/li><li>Conferencia invitada por Depto de Ciencias Computacionales. Titulo<strong>:\n\u201cTecnolog\u00edas Virtuales, aqu\u00ed y ahora, desde la experiencia haciendo el camino\ndel futuro\u201d<\/strong>. <strong>Noviembre 2015.<\/strong> Universidad de Monterrey \u2013 M\u00e9xico.<\/li><li><strong>Conferencia\ninvitada.<\/strong> Center for\nTeaching support &amp; Innovation(CTSI), University of Toronto<strong> How to create\ndidactic materials based on augmented reality. <\/strong>13\/12\/2016<\/li><li><strong>Conferencia invitada.<\/strong> MIE Distinguished Seminar Series Fall 2016. <strong>Augmented\nReality in Engineering Studies. Technology in Evolution. <\/strong>Department of\nMechanical and Industrial Engineering, University of Toronto. 15\/11\/2016<\/li><li><strong>Conferencia\ninvitada.<\/strong> Institute\nfor Leadership Education in Engineering. University of Toronto. <strong>Attractive\nand motivational&nbsp; instructional&nbsp; materials for engineering students based on\naugmented reality technologies<\/strong>. 18\/10\/2016 <\/li><li><strong>Conferencia\ninvitada. <\/strong>Aula de Cultura Digital (ACUDI). Universidad de La\nLaguna. <strong>Realidad aumentada: una tecnolog\u00eda emergente. Campos de aplicaci\u00f3n y\ndesarrollos (2010).&nbsp; <\/strong>05\/12\/2010<\/li><li><strong>Conferencia\ninvitada. <\/strong>Congreso Liuex. Consejer\u00eda Educaci\u00f3n Valencia. <strong>&nbsp;Desarrollo y mejora de las habilidades\nespaciales mediante entrenamiento con tecnolog\u00eda de Realidad Aumentada (2010).<\/strong>\n12\/11\/2010<\/li><li><strong>Conferencia\nimpartida. <\/strong>Feria internacional de contenidos digitales\n(FICOD). <strong>Realidad Aumentada en Educaci\u00f3n. Libros m\u00e1gicos e interactivos\n(2011).<\/strong> Ministerio de Industria, Turismo y Comercio. 23\/11\/2011<\/li><li>Conferencias\nimpartidas <strong>Aspectos estad\u00edsticos en el an\u00e1lisis del desarrollo de las\nhabilidades espaciales en el \u00e1mbito de la ingenier\u00eda (2009). <\/strong>Actividades\nvinculadas a la experiencia piloto de adaptaci\u00f3n al EEES en la EPS de Linares.\nUniversidad de Ja\u00e9n<strong>. <\/strong>16\/04\/2009<\/li><\/ol>\n\n\n\n<p><strong>Cursos impartidos en otras universidades<\/strong><\/p>\n\n\n\n<ol class=\"wp-block-list\"><li>Curso impartido en\nUniversidad Aut\u00f3noma de Nuevo Le\u00f3n. Mexico. \u201cInvestigaci\u00f3n y Bases de Datos\nCient\u00edficas\u201d. 1 cr\u00e9dito ECTS. Impartido por Invitaci\u00f3n de la Facultad de\nIngenier\u00eda Mec\u00e1nica y El\u00e9ctrica. 20 al 23 <strong>Noviembre 2018.<\/strong><\/li><li>Curso impartido en\nUniversidad Aut\u00f3noma de Nuevo Le\u00f3n. Mexico. \u201cC\u00f3mo redactar y publicar un\nart\u00edculo cient\u00edfico\u201d. 1 cr\u00e9dito ECTS. Impartido por Invitaci\u00f3n de la Facultad\nde Ingenier\u00eda Mec\u00e1nica y El\u00e9ctrica. 26 al 29 <strong>Noviembre 2018.<\/strong><\/li><\/ol>\n\n\n\n<ul class=\"wp-block-list\"><li><\/li><\/ul>\n","protected":false},"excerpt":{"rendered":"<p>Seminarios, presentaciones y conferencias invitadas Conferencia invitada inaugral en 8\u00ba Congreso Internacional y 19\u00ba Coloquio de Proyectos Institucionales y de Vinculaci\u00f3n. Organiza: Facultad de Ingenier\u00eda Mec\u00e1nica y El\u00e9ctrica de la Universidad Aut\u00f3noma de Nuevo Le\u00f3n. M\u00e9xico. T\u00edtulo: \u201cLa Realidad del Metaverso, el Espacio Virtual\u201d Noviembre 2021. Conferencia invitada.&nbsp; Invitation for Sharing Knowledge in Symposium at [&hellip;]<\/p>\n","protected":false},"author":1,"featured_media":0,"parent":0,"menu_order":0,"comment_status":"closed","ping_status":"closed","template":"","meta":{"_bbp_topic_count":0,"_bbp_reply_count":0,"_bbp_total_topic_count":0,"_bbp_total_reply_count":0,"_bbp_voice_count":0,"_bbp_anonymous_reply_count":0,"_bbp_topic_count_hidden":0,"_bbp_reply_count_hidden":0,"_bbp_forum_subforum_count":0,"ngg_post_thumbnail":0,"footnotes":""},"class_list":["post-940","page","type-page","status-publish","hentry"],"yoast_head":"<!-- This site is optimized with the Yoast SEO plugin v22.0 - https:\/\/yoast.com\/wordpress\/plugins\/seo\/ -->\n<title>Guest Speaker - Jorge Mart\u00edn-Guti\u00e9rrez<\/title>\n<meta name=\"robots\" content=\"index, follow, max-snippet:-1, max-image-preview:large, max-video-preview:-1\" \/>\n<link rel=\"canonical\" href=\"https:\/\/jmargu.webs.ull.es\/?page_id=940\" \/>\n<meta property=\"og:locale\" content=\"es_ES\" \/>\n<meta property=\"og:type\" content=\"article\" \/>\n<meta property=\"og:title\" content=\"Guest Speaker - Jorge Mart\u00edn-Guti\u00e9rrez\" \/>\n<meta property=\"og:description\" content=\"Seminarios, presentaciones y conferencias invitadas Conferencia invitada inaugral en 8\u00ba Congreso Internacional y 19\u00ba Coloquio de Proyectos Institucionales y de Vinculaci\u00f3n. Organiza: Facultad de Ingenier\u00eda Mec\u00e1nica y El\u00e9ctrica de la Universidad Aut\u00f3noma de Nuevo Le\u00f3n. M\u00e9xico. T\u00edtulo: \u201cLa Realidad del Metaverso, el Espacio Virtual\u201d Noviembre 2021. Conferencia invitada.&nbsp; Invitation for Sharing Knowledge in Symposium at [&hellip;]\" \/>\n<meta property=\"og:url\" content=\"https:\/\/jmargu.webs.ull.es\/?page_id=940\" \/>\n<meta property=\"og:site_name\" content=\"Jorge Mart\u00edn-Guti\u00e9rrez\" \/>\n<meta property=\"article:modified_time\" content=\"2022-07-08T20:19:15+00:00\" \/>\n<meta name=\"twitter:card\" content=\"summary_large_image\" \/>\n<meta name=\"twitter:label1\" content=\"Tiempo de lectura\" \/>\n\t<meta name=\"twitter:data1\" content=\"5 minutos\" \/>\n<script type=\"application\/ld+json\" class=\"yoast-schema-graph\">{\"@context\":\"https:\/\/schema.org\",\"@graph\":[{\"@type\":\"WebPage\",\"@id\":\"https:\/\/jmargu.webs.ull.es\/?page_id=940\",\"url\":\"https:\/\/jmargu.webs.ull.es\/?page_id=940\",\"name\":\"Guest Speaker - Jorge Mart\u00edn-Guti\u00e9rrez\",\"isPartOf\":{\"@id\":\"https:\/\/jmargu.webs.ull.es\/#website\"},\"datePublished\":\"2022-07-08T20:19:13+00:00\",\"dateModified\":\"2022-07-08T20:19:15+00:00\",\"breadcrumb\":{\"@id\":\"https:\/\/jmargu.webs.ull.es\/?page_id=940#breadcrumb\"},\"inLanguage\":\"es\",\"potentialAction\":[{\"@type\":\"ReadAction\",\"target\":[\"https:\/\/jmargu.webs.ull.es\/?page_id=940\"]}]},{\"@type\":\"BreadcrumbList\",\"@id\":\"https:\/\/jmargu.webs.ull.es\/?page_id=940#breadcrumb\",\"itemListElement\":[{\"@type\":\"ListItem\",\"position\":1,\"name\":\"Portada\",\"item\":\"https:\/\/jmargu.webs.ull.es\/\"},{\"@type\":\"ListItem\",\"position\":2,\"name\":\"Guest Speaker\"}]},{\"@type\":\"WebSite\",\"@id\":\"https:\/\/jmargu.webs.ull.es\/#website\",\"url\":\"https:\/\/jmargu.webs.ull.es\/\",\"name\":\"Jorge Mart\u00edn-Guti\u00e9rrez\",\"description\":\"Professor and Researcher at Universidad de La Laguna\",\"potentialAction\":[{\"@type\":\"SearchAction\",\"target\":{\"@type\":\"EntryPoint\",\"urlTemplate\":\"https:\/\/jmargu.webs.ull.es\/?s={search_term_string}\"},\"query-input\":\"required name=search_term_string\"}],\"inLanguage\":\"es\"}]}<\/script>\n<!-- \/ Yoast SEO plugin. -->","yoast_head_json":{"title":"Guest Speaker - Jorge Mart\u00edn-Guti\u00e9rrez","robots":{"index":"index","follow":"follow","max-snippet":"max-snippet:-1","max-image-preview":"max-image-preview:large","max-video-preview":"max-video-preview:-1"},"canonical":"https:\/\/jmargu.webs.ull.es\/?page_id=940","og_locale":"es_ES","og_type":"article","og_title":"Guest Speaker - Jorge Mart\u00edn-Guti\u00e9rrez","og_description":"Seminarios, presentaciones y conferencias invitadas Conferencia invitada inaugral en 8\u00ba Congreso Internacional y 19\u00ba Coloquio de Proyectos Institucionales y de Vinculaci\u00f3n. Organiza: Facultad de Ingenier\u00eda Mec\u00e1nica y El\u00e9ctrica de la Universidad Aut\u00f3noma de Nuevo Le\u00f3n. M\u00e9xico. T\u00edtulo: \u201cLa Realidad del Metaverso, el Espacio Virtual\u201d Noviembre 2021. Conferencia invitada.&nbsp; Invitation for Sharing Knowledge in Symposium at [&hellip;]","og_url":"https:\/\/jmargu.webs.ull.es\/?page_id=940","og_site_name":"Jorge Mart\u00edn-Guti\u00e9rrez","article_modified_time":"2022-07-08T20:19:15+00:00","twitter_card":"summary_large_image","twitter_misc":{"Tiempo de lectura":"5 minutos"},"schema":{"@context":"https:\/\/schema.org","@graph":[{"@type":"WebPage","@id":"https:\/\/jmargu.webs.ull.es\/?page_id=940","url":"https:\/\/jmargu.webs.ull.es\/?page_id=940","name":"Guest Speaker - Jorge Mart\u00edn-Guti\u00e9rrez","isPartOf":{"@id":"https:\/\/jmargu.webs.ull.es\/#website"},"datePublished":"2022-07-08T20:19:13+00:00","dateModified":"2022-07-08T20:19:15+00:00","breadcrumb":{"@id":"https:\/\/jmargu.webs.ull.es\/?page_id=940#breadcrumb"},"inLanguage":"es","potentialAction":[{"@type":"ReadAction","target":["https:\/\/jmargu.webs.ull.es\/?page_id=940"]}]},{"@type":"BreadcrumbList","@id":"https:\/\/jmargu.webs.ull.es\/?page_id=940#breadcrumb","itemListElement":[{"@type":"ListItem","position":1,"name":"Portada","item":"https:\/\/jmargu.webs.ull.es\/"},{"@type":"ListItem","position":2,"name":"Guest Speaker"}]},{"@type":"WebSite","@id":"https:\/\/jmargu.webs.ull.es\/#website","url":"https:\/\/jmargu.webs.ull.es\/","name":"Jorge Mart\u00edn-Guti\u00e9rrez","description":"Professor and Researcher at Universidad de La Laguna","potentialAction":[{"@type":"SearchAction","target":{"@type":"EntryPoint","urlTemplate":"https:\/\/jmargu.webs.ull.es\/?s={search_term_string}"},"query-input":"required name=search_term_string"}],"inLanguage":"es"}]}},"_links":{"self":[{"href":"https:\/\/jmargu.webs.ull.es\/index.php?rest_route=\/wp\/v2\/pages\/940","targetHints":{"allow":["GET"]}}],"collection":[{"href":"https:\/\/jmargu.webs.ull.es\/index.php?rest_route=\/wp\/v2\/pages"}],"about":[{"href":"https:\/\/jmargu.webs.ull.es\/index.php?rest_route=\/wp\/v2\/types\/page"}],"author":[{"embeddable":true,"href":"https:\/\/jmargu.webs.ull.es\/index.php?rest_route=\/wp\/v2\/users\/1"}],"replies":[{"embeddable":true,"href":"https:\/\/jmargu.webs.ull.es\/index.php?rest_route=%2Fwp%2Fv2%2Fcomments&post=940"}],"version-history":[{"count":1,"href":"https:\/\/jmargu.webs.ull.es\/index.php?rest_route=\/wp\/v2\/pages\/940\/revisions"}],"predecessor-version":[{"id":941,"href":"https:\/\/jmargu.webs.ull.es\/index.php?rest_route=\/wp\/v2\/pages\/940\/revisions\/941"}],"wp:attachment":[{"href":"https:\/\/jmargu.webs.ull.es\/index.php?rest_route=%2Fwp%2Fv2%2Fmedia&parent=940"}],"curies":[{"name":"wp","href":"https:\/\/api.w.org\/{rel}","templated":true}]}}